8413?
4
What is the ten thousands digit of 155792052?
9
What is the millions digit of 56536098?
6
What is the hundred thousands digit of 433492481?
4
What is the hundred thousands digit of 18751751?
7
What is the ten millions digit of 899561542?
9
What is the millions digit of 5810903513?
0
What is the billions digit of 2484914498?
2
What is the units digit of 43954657?
7
What is the ten millions digit of 4953628057?
5
What is the hundreds digit of 64340978?
9
What is the hundred thousands digit of 70492637?
4
What is the ten millions digit of 22800531?
2
What is the hundreds digit of 570019619?
6
What is the tens digit of 82049345?
4
What is the units digit of 154357990?
0
What is the ten millions digit of 177980518?
7
What is the hundreds digit of 500227104?
1
What is the hundred thousands digit of 1806036129?
0
What is the tens digit of 1461989230?
3
What is the tens digit of 277563350?
5
What is the millions digit of 71581234?
1
What is the hundreds digit of 147400393?
3
What is the hundreds digit of 8477922?
9
What is the ten thousands digit of 462253469?
5
What is the millions digit of 18099437?
8
What is the tens digit of 11366915?
1
What is the ten millions digit of 63500873?
6
What is the millions digit of 4808064?
4
What is the hundreds digit of 312039819?
8
What is the hundreds digit of 110900440?
4
What is the ten millions digit of 78985584?
7
What is the units digit of 38757055?
5
What is the hundreds digit of 3190363765?
7
What is the tens digit of 257603436?
3
What is the units digit of 63673473?
3
What is the ten thousands digit of 603627306?
2
What is the tens digit of 940046916?
1
What is the tens digit of 118701737?
3
What is the units digit of 111957972?
2
What is the tens digit of 6088937070?
7
What is the tens digit of 19343824?
2
What is the billions digit of 1111600120?
1
What is the tens digit of 1398869314?
1
What is the thousands digit of 48886835?
6
What is the thousands digit of 870058857?
8
What is the ten thousands digit of 221539952?
3
What is the thousands digit of 4764340706?
0
What is the tens digit of 18065149?
4
What is the hundreds digit of 357382232?
2
What is the billions digit of 2036204211?
2
What is the units digit of 4131637943?
3
What is the thousands digit of 217284555?
4
What is the thousands digit of 714448154?
8
What is the hundreds digit of 38937228?
2
What is the ten thousands digit of 63017658?
1
What is the ten millions digit of 189453188?
8
What is the hundreds digit of 248653794?
7
What is the millions digit of 4886461445?
6
What is the ten millions digit of 87694527?
8
What is the hundred thousands digit of 6847379451?
3
What is the hundred thousands digit of 574755415?
7
What is the ten thousands digit of 96283017?
8
What is the tens digit of 166054535?
3
What is the hundreds digit of 302353289?
2
What is the millions digit of 446509400?
6
What is the hundred thousands digit of 2328533445?
5
What is the tens digit of 2141747904?
0
What is the hundred thousands digit of 422354883?
3
What is the billions digit of 1434166072?
1
What is the ten millions digit of 110606349?
1
What is the ten millions digit of 3258432770?
5
What is the hundred thousands digit of 104364019?
3
What is the units digit of 6994411281?
1
What is the hundred millions digit of 196397342?
1
What is the thousands digit of 3177726587?
6
What is the ten millions digit of 115462296?
1
What is the thousands digit of 151471109?
1
What is the ten millions digit of 457693315?
5
What is the billions digit of 2644163282?
2
What is the ten thousands digit of 17051727?
5
What is the thousands digit of 16944656?
4
What is the hundreds digit of 155308185?
1
What is the tens digit of 4168800151?
5
What is the units digit of 6736487261?
1
What is the units digit of 39353839?
9
What is the billions digit of 1760491339?
1
What is the hundred thousands digit of 532806733?
8
What is the thousands digit of 1523728249?
8
What is the hundred millions digit of 6085245299?
0
What is the tens digit of 20154565?
6
What is the units digit of 72110034?
4
What is the thousands digit of 910558169?
8
What is the hundreds digit of 7960689?
6
What is the hundred thousands digit of 1516117391?
1
What is the ten millions digit of 1881149021?
8
What is the hundreds digit of 152025590?
5
What is the millions digit of 669330909?
9
What is the hundreds digit of 321329498?
4
What is the hundred millions digit of 951827583?
9
What is the hundred thousands digit of 160367213?
3
What is the tens digit of 57696702?
0
What is the hundred thousands digit of 2015025803?
0
What is the millions digit of 55096718?
5
What is the hundreds digit of 163393567?
5
What is the ten thousands digit of 148752?
4
What is the ten thousands digit of 350050533?
5
What is the hundred millions digit of 137760330?
1
What is the hundred thousands digit of 13332320?
3
What is the hundred thousands digit of 23506313?
5
What is the thousands digit of 43655265?
5
What is the ten millions digit of 978066653?
7
What is the hundreds digit of 1534637911?
9
What is the hundred thousands digit of 184181924?
1
What is the ten millions digit of 250942523?
5
What is the ten millions digit of 3061297106?
6
What is the thousands digit of 26850616?
0
What is the units digit of 2787223509?
9
What is the thousands digit of 595601295?
1
What is the ten thousands digit of 607354352?
5
What is the units digit of 389171582?
2
What is the units digit of 817290629?
9
What is the billions digit of 3815006850?
3
What is the ten millions digit of 1297439078?
9
What is the thousands digit of 297920858?
0
What is the units digit of 32607759?
9
What is the ten thousands digit of 50137577?
3
What is the tens digit of 32271984?
8
What is the ten thousands digit of 70407065?
0
What is the thousands digit of 170103189?
3
What is the tens digit of 5076560?
6
What is the hundred thousands digit of 23112515?
1
What is the units digit of 34650885?
5
What is the ten thousands digit of 1875740726?
4
What is the tens digit of 791954632?
3
What is the tens digit of 143959595?
9
What is the billions digit of 3039332545?
3
What is the tens digit of 64714688?
8
What is the ten thousands digit of 309923909?
2
What is the thousands digit of 106207916?
7
What is the billions digit of 1350069603?
1
What is the hundred thousands digit of 467975933?
9
What is the hundred thousands digit of 398506197?
5
What is the thousands digit of 8770402?
0
What is the hundred thousands digit of 554604763?
6
What is the units digit of 409035853?
3
What is the ten thousands digit of 109530993?
3
What is the units digit of 332616837?
7
What is the tens digit of 254895395?
9
What is the hundred thousands digit of 3331417276?
4
What is the hundred thousands digit of 786664405?
6
What is the ten millions digit of 265772832?
6
What is the ten millions digit of 74623744?
7
What is the millions digit of 482866325?
2
What is the hundred thousands digit of 724647658?
6
What is the tens digit of 506235172?
7
What is the billions digit of 1842465998?
1
What is the thousands digit of 137595626?
5
What is the hundred millions digit of 8158568164?
1
What is the ten millions digit of 628643723?
2
What is the ten millions digit of 157183669?
5
What is the hundred millions digit of 520509978?
5
What is the hundreds digit of 25163480?
4
What is the hundreds digit of 2527151731?
7
What is the ten millions digit of 2755767755?
5
What is the hundred thousands digit of 165620222?
6
What is the hundreds digit of 14187346?
3
What is the billions digit of 5494502935?
5
What is the hundreds digit of 100474249?
2
What is the millions digit of 443590219?
3
What is the millions digit of 133655953?
3
What is the tens digit of 68187411?
1
What is the units digit of 52170972?
2
What is the ten thousands digit of 648634678?
3
What is the hundred thousands digit of 3164821779?
8
What is the ten millions digit of 383519913?
8
What is the thousands digit of 25236403?
6
What is the hundred thousands digit of 109416756?
4
What is the units digit of 27780922?
2
What is the hundred thousands digit of 132443003?
4
What is the ten thousands digit of 694611725?
1
What is the ten millions digit of 1506042677?
0
What is the tens digit of 690055221?
2
What is the hundreds digit of 1004330631